be r(z). Calculate the highest common divisor of i and 48.
16
Suppose -1788 + 5858 = 5*l. Calculate the highest common divisor of l and 148.
74
Let f = 56 - 12. Calculate the highest common divisor of f and 286.
22
Let d(w) = -3*w**3 + 5*w**2 + 4*w - 15. Let y be d(5). Let h be y/(-3)*3 - 3. Let q = -34 - -56. What is the greatest common divisor of h and q?
22
Let c = -581 + 658. Calculate the highest common factor of 28 and c.
7
Suppose -3*m - 2*q + 271 = -4*q, -2*m + 187 = 5*q. Calculate the greatest common divisor of m and 7.
7
Let z = -111 - -255. What is the highest common factor of 27 and z?
9
Let z be ((-105)/(-7))/5 - 1. Suppose 7 = 3*a - 14. Suppose -j = j + 3*o + a, -o = j + 2. Calculate the greatest common factor of j and z.
1
Suppose 132 + 120 = 9*o. Calculate the greatest common factor of 532 and o.
28
Let b(d) = -5*d + 14. Let y(c) = 9*c - 28. Let s(n) = -11*b(n) - 6*y(n). Suppose -3*r + r = 0. Let l be s(r). What is the highest common factor of l and 70?
14
Let p be (576/(-15))/4*(-20)/6. Suppose z - p = -5*f, 2*z + 2*z - 8 = 4*f. What is the greatest common divisor of z and 63?
7
Let w = 439 - 313. Let g be (-6)/(-15) + w/10. Let d = -120 + 211. Calculate the greatest common divisor of d and g.
13
Suppose 11 + 7 = 6*y. Suppose 7*w = y*w + 28. Calculate the greatest common factor of 119 and w.
7
Let r(h) = h**2 - 12*h + 3. Let j(a) = -13*a - 1. Let f be j(-1). Let u be r(f). What is the greatest common factor of u and 21?
3
Let g(w) = w**2 + 6*w - 1. Let z = 8 + -15. Let d be g(z). What is the highest common factor of 6 and d?
6
Suppose 3 = -v + 2*r + 2*r, 0 = 4*r - 4. Let t be (2*6/1)/(-1). Let w = -1 - t. What is the highest common divisor of v and w?
1
Suppose -4*n = -8, 3*y - 321 = 4*n - 59. Let m be 3/6 + (-70)/(-4). Let z be (-6)/((-21)/m - -1). What is the greatest common factor of z and y?
18
Let c = -252 + 286. What is the greatest common factor of 17 and c?
17
Let n = 3 + 0. Suppose 16 = 7*s - n*s. Suppose s*l - 2 - 2 = 0. What is the highest common factor of l and 11?
1
Let b(a) = 4*a. Let v be b(1). Let h(j) = -6*j - 8. Let g be h(-2). What is the highest common factor of g and v?
4
Let u = -116 + 98. Let y = u - -95. Calculate the greatest common divisor of y and 7.
7
Let k = 375 - 366. What is the greatest common divisor of k and 396?
9
Suppose 0 = -5*l + 2*h + 240, 5*l - l - 192 = -5*h. Calculate the greatest common divisor of l and 464.
16
Let y = -8 - -16. Let v(a) = 8*a**2 + 402*a - 718. Let r be v(-52). Calculate the greatest common divisor of r and y.
2
Suppose 0 = 65*j - 2*j - 6741. Calculate the greatest common factor of 1498 and j.
107
Let t be 17/((-17)/(-66))*(-14)/(-21). Let a = 16 + -5. Calculate the greatest common divisor of a and t.
11
Let z = -20 - -78. Suppose d - 42 = z. Suppose -5*n - 8*i + d = -3*i, 65 = 3*n + 4*i. What is the greatest common factor of 15 and n?
15
Suppose 87*u - 2294 = -119. Calculate the highest common divisor of u and 700.
25
Suppose -39 = -5*x + 26. Let m = x + 9. Let b = -12 + m. Calculate the greatest common divisor of b and 2.
2
Let p(i) = -9*i + 44. Let n be p(4). Calculate the highest common divisor of 2 and n.
2
Let c(a) = -2*a**3 + 10*a**2 + a. Let w be c(5). Suppose w*r + 22 = -n, n - 5 = r + 3. Suppose 0 = -s + n + 7. What is the highest common factor of 80 and s?
10
Let w = 12 + -4. Let r be (0 - 0)*(-7 + w). Let v(d) = -d**2 - d + 6. Let j be v(r). What is the highest common divisor of j and 9?
3
Suppose 4*n + 370 = 418. Calculate the greatest common divisor of 24 and n.
12
Let t(x) = x**3 - x**2 - 4*x - 6. Let h be t(3). Suppose -2*j - 2*y + 132 = -h, -j + 51 = -4*y. Calculate the highest common factor of j and 14.
7
Let a(k) = -k**3 - 3*k**2 + k - 9. Let o be a(-4). Suppose 552 = n + n + o*b, 0 = 2*b - 8. Calculate the highest common divisor of 30 and n.
30
Let n(d) = d**3 - 2*d**2 - 3*d - 1. Let c be n(3). Let j be ((-3)/2 - 2)/(c/2). Let h = 45 - 24. Calculate the highest common factor of j and h.
7
Let g be -1 + (4 - 6) - -15. Let t = 30 - 18. What is the highest common factor of t and g?
12
Let h(u) = -u + 3. Let w be h(3). Let p = w - -107. Suppose 4*s - 289 = 4*n + p, -5*s = n - 525. What is the greatest common divisor of s and 26?
26
Let z(w) = -9*w - 3. Let b = 2 - 4. Let n be z(b). Calculate the highest common divisor of 60 and n.
15
Let f(i) = -6*i + 252. Let n be f(41). Calculate the highest common divisor of n and 234.
6
Let h be (-2)/(1/(-5) - 0). Let p be ((-1)/2)/((-15)/30). Let u be (210/49)/(p/7). Calculate the greatest common divisor of h and u.
10
Let a be 5/(3 - -12)*12. Suppose -4*j + 0*j + 16 = 0. Suppose -j*q + l + 543 = -0*q, -3*l = a*q - 531. Calculate the greatest common divisor of 27 and q.
27
Let s(c) = 2*c**3 - 36*c**2 - 38*c + 16. Let o be s(19). Suppose -3*d = -6, -3*l - 4*d + 13 + 211 = 0. What is the highest common factor of l and o?
8
Let z(k) = -8*k - 7 + 1 + 2. Let m be z(-2). Calculate the greatest common divisor of 132 and m.
12
Let m = 72 - 67. Let u be 8/4 - 3/1. Let j = u + m. Calculate the highest common divisor of 10 and j.
2
Let f = -26 + 24. Let z = -38 + f. Let m = 102 + z. Calculate the greatest common divisor of 155 and m.
31
Let y = -1 + 14. Suppose z = 3*r - y, -5*z - r - 10 = -5*r. Let o(h) = -h**3 + 2*h**2 + 2*h - 2. Let w be o(z). What is the highest common factor of 6 and w?
2
Let n = 112 - 94. Let p = 72 + -36. What is the greatest common factor of n and p?
18
Let h be (-5716)/(-34) - (-36)/(-306). What is the greatest common factor of 8 and h?
8
Suppose -4*w + 2*w = 58. Let a = 52 + w. Suppose -3*v + 100 = -4*k - 468, -3*k = -2*v + 380. Calculate the greatest common factor of v and a.
23
Suppose 4*t - 31*b = -32*b + 28, 3*b = -t + 7. What is the greatest common divisor of t and 721?
7
Suppose -5*v + 14 = -11. Let q = 87 - v. Let i = -46 + q. What is the greatest common factor of 12 and i?
12
Suppose -2555 = -37*r + 7546. Calculate the greatest common factor of r and 42.
21
Let p(t) = 9*t - 186. Let a be p(22). What is the highest common divisor of a and 36?
12
Suppose -r = 2*r + 39. Let s be (-20)/6*(r + -2). Suppose 4*v - 60 = 5*k, 3*v - 6*v + 38 = -2*k. Calculate the greatest common divisor of s and v.
10
Let j be (6/(-4))/(6/(-13984)*4). Calculate the greatest common divisor of j and 38.
38
Let c = -7 - -4. Let k be 53 - (0 - (0 + c)). Let j = 19 + 1. What is the highest common factor of j and k?
10
Suppose 622 = 5*b - 203. Calculate the greatest common divisor of 75 and b.
15
Suppose 2*j + 3*z - 214 = 0, -2*j + 3*z + 213 = 11. What is the highest common factor of 8 and j?
8
Suppose -30*k + 23*k + 70 = 0. Calculate the greatest common factor of k and 5.
5
Suppose -2*f = -3*x - 50, -x - 4*f = -6*x - 84. Let t be (x/6)/((-6)/45). Calculate the greatest common factor of 20 and t.
20
Let p(i) = 5*i**2 + i + 6. Let s be p(-3). Suppose -s = 6*k - 7*k. What is the greatest common divisor of 12 and k?
12
Suppose s - 40 + 4 = 0. Suppose k + 0*y + 2*y - s = 0, -5*k + 5*y = -135. What is the greatest common factor of 6 and k?
6
Let h = 173 + -19. Suppose 4*u + 0*i = i + h, 3*u - i - 115 = 0. Calculate the highest common divisor of u and 65.
13
Suppose 0 = -36*t + 10*t + 78. Calculate the highest common factor of 162 and t.
3
Let d = -151 + 291. Suppose 3*b - 15*g - 87 = -16*g, 3*g = 3*b - 75. Calculate the highest common factor of b and d.
28
Suppose 3*w - d - 59 = 0, -3*w + 5*w = 4*d + 56. Calculate the greatest common divisor of 120 and w.
6
Let j = -963 + 1008. Calculate the greatest common divisor of j and 90.
45
Suppose -z + 2*n = 71, -n + 5 + 0 = 0. Let k = -29 - z. Calculate the highest common divisor of k and 8.
8
Suppose m = w - 0*m + 97, 2*w - m + 194 = 0. Let l = w + 193. Suppose -3*b = 6*b - 288. What is the highest common divisor of b and l?
32
Let d be (-1)/(3/(-15)) - 3. Let y be (6 - 32)/((-1)/d). Suppose 4*k + v = y + 11, -2*k - 5*v + 9 = 0. What is the greatest common divisor of 51 and k?
17
Let c be (-11 + 1)/((-6)/21). Let m be (8/(-14))/((-10)/c). Suppose 14 = a - m*u, -a + u - 53 = -3*a. What is the highest common divisor of 8 and a?
8
Let h be 5 + -5 + 6*(-2)/(-4). Let w be (7 - h) + -8 - -5. What is the greatest common factor of w and 2?
1
Let p(y) = 6*y**2 + 7*y - 5. Let t be p(2). Le